
Is 426020209 composite?
True
Is 5951286683 a composite number?
False
Is 293878883579 a prime number?
True
Is 170776783 composite?
False
Is 49997921 a composite number?
True
Is 949667117 prime?
False
Is 1834033331 composite?
True
Is 30714731933 a composite number?
True
Is 2478442093 prime?
True
Is 15732338438 prime?
False
Is 43439674009 a prime number?
True
Is 284895847 prime?
True
Is 15999757503 prime?
False
Is 444376741 a composite number?
False
Is 1567948583 a prime number?
True
Is 606193001 prime?
True
Is 204003467 prime?
False
Is 13000075707 a composite number?
True
Is 33790439167 prime?
False
Is 36329631673 prime?
True
Is 12417527147 composite?
False
Is 3725447282 a prime number?
False
Is 239588523149 a composite number?
True
Is 208295764979 a composite number?
False
Is 437123779 prime?
False
Is 348131887 a prime number?
False
Is 26534248063 a composite number?
False
Is 33882462727 composite?
False
Is 805726151 a prime number?
True
Is 6294444239 composite?
False
Is 4609204309 a prime number?
True
Is 11899824007 composite?
False
Is 351337667 composite?
False
Is 35994094207 composite?
True
Is 61093017509 composite?
False
Is 9532085551 a composite number?
True
Is 1253502421 a composite number?
False
Is 16510209743 a composite number?
False
Is 31669480571 a composite number?
False
Is 315074564593 prime?
False
Is 85291851299 prime?
False
Is 217650221 prime?
True
Is 7793429287 a composite number?
True
Is 53578607077 composite?
False
Is 3387114529 prime?
False
Is 55568425349 a prime number?
True
Is 14258540539 a composite number?
True
Is 41469914399 a prime number?
True
Is 14226009779 composite?
False
Is 10918993879 composite?
True
Is 490167658 prime?
False
Is 1460629801 composite?
False
Is 2724233947 a prime number?
False
Is 9105479 a prime number?
False
Is 3417279387 a composite number?
True
Is 341050089 prime?
False
Is 118984695517 prime?
True
Is 126303592021 prime?
False
Is 446053121 a prime number?
True
Is 5946279773 a prime number?
False
Is 186307249 a prime number?
False
Is 8285307053 composite?
True
Is 131631131 composite?
False
Is 12973910819 composite?
True
Is 914838527 prime?
False
Is 638110939 prime?
True
Is 37238328947 prime?
True
Is 38106484109 prime?
True
Is 652966187 a prime number?
True
Is 210918985031 prime?
True
Is 671876186083 a composite number?
True
Is 2986757689 prime?
True
Is 1520561429 a prime number?
True
Is 27841844029 a composite number?
True
Is 726855037 a composite number?
False
Is 19772328379 a prime number?
True
Is 11068275065 composite?
True
Is 2038154419 a prime number?
False
Is 164882351 prime?
True
Is 56026460381 composite?
False
Is 2485563493 a composite number?
True
Is 3241840657 a prime number?
False
Is 76322883943 a composite number?
False
Is 23093066231 a composite number?
True
Is 1197109601 a prime number?
True
Is 669113113 composite?
False
Is 4224560941 prime?
False
Is 39094333 composite?
False
Is 7412015939 composite?
True
Is 1426430546 a prime number?
False
Is 2778474073 a composite number?
True
Is 6270092299 a composite number?
True
Is 12629664467 a prime number?
False
Is 17780509127 prime?
False
Is 86446187 composite?
True
Is 61270512869 composite?
True
Is 14480943707 prime?
True
Is 21958999 prime?
False
Is 4006028633 a prime number?
True
Is 1371827711 a prime number?
False
Is 105819994495 a prime number?
False
Is 1559735062 composite?
True
Is 135911278255 a composite number?
True
Is 6697676983 prime?
False
Is 1009060837 composite?
False
Is 116885577227 composite?
False
Is 63105021929 a prime number?
False
Is 719359507 a composite number?
True
Is 634764523 a composite number?
False
Is 45182932409 a prime number?
False
Is 414507419 prime?
True
Is 692707903 composite?
False
Is 41794367 composite?
False
Is 1291607633 composite?
False
Is 690441781 a prime number?
False
Is 114695769323 composite?
False
Is 38969279 a prime number?
False
Is 1641828047 composite?
True
Is 117360319 composite?
True
Is 8589402709 a composite number?
True
Is 31933469429 a prime number?
True
Is 1956474215 a composite number?
True
Is 379977593 a composite number?
False
Is 3612412799 a prime number?
True
Is 151120501 composite?
True
Is 1112576813 a prime number?
True
Is 487734601 a composite number?
False
Is 19561279373 prime?
True
Is 390933065 composite?
True
Is 320672091499 a prime number?
True
Is 448031497 a prime number?
True
Is 2413804021 prime?
True
Is 31619783711 composite?
False
Is 29143030733 prime?
False
Is 974974277 composite?
False
Is 28577780601 prime?
False
Is 6397453627 prime?
False
Is 17575859593 composite?
False
Is 1456735285 prime?
False
Is 2924368633 composite?
False
Is 34128615623 composite?
False
Is 9688508587 a composite number?
True
Is 2821381301 prime?
True
Is 157001381459 composite?
True
Is 763505497 a composite number?
False
Is 1020334391 prime?
False
Is 3904008853 prime?
False
Is 6539385995 prime?
False
Is 2403047343 a composite number?
True
Is 6271445447 a composite number?
False
Is 54118293611 composite?
False
Is 1193436599 a prime number?
False
Is 200343323 a prime number?
False
Is 157501823 composite?
True
Is 174995507857 composite?
True
Is 470128907 composite?
False
Is 2268905081 composite?
True
Is 1688580493 a prime number?
True
Is 62506278253 a prime number?
True
Is 15819452167 composite?
False
Is 12110121109 composite?
False
Is 8514310919 prime?
False
Is 1505594491 composite?
True
Is 33197178229 prime?
False
Is 4673391531 a prime number?
False
Is 108006730259 a composite number?
True
Is 6046492951 prime?
True
Is 613612409 a composite number?
False
Is 689270513 a prime number?
True
Is 909235091 a composite number?
True
Is 1957409093 a prime number?
True
Is 906324203 composite?
False
Is 1492465133 prime?
False
Is 1980888191 a composite number?
True
Is 36571137521 composite?
False
Is 15592963 a prime number?
True
Is 15312098909 a prime number?
False
Is 785156791 prime?
True
Is 4271284657 a prime number?
True
Is 9983543 a composite number?
False
Is 118279961279 composite?
True
Is 2119457381 a composite number?
False
Is 76669357 a prime number?
True
Is 284223437 composite?
True
Is 1577654291 a composite number?
True
Is 56549615119 prime?
False
Is 1021200101 a prime number?
True
Is 52030267 a prime number?
True
Is 534828233 prime?
False
Is 988737377 composite?
True
Is 16343993399 a composite number?
False
Is 1187769757 prime?
False
Is 243331567 composite?
False
Is 471275873 composite?
False
Is 22271630579 a composite number?
True
Is 26296171301 a composite number?
True
Is 13922827 a prime number?
False
Is 13747965227 prime?
False
Is 3360484313 composite?
True
Is 3301021883 a prime number?
True
Is 74117147773 a composite number?
False
Is 215063759 a prime number?
True
Is 240103319 composite?
True
Is 29235331033 a composite number?
True
Is 103653463 composite?
True
Is 180707941397 a prime number?
True
Is 950808953 a composite number?
False
Is 16054391957 a prime number?
True
Is 2130001 a composite number?
False
Is 39839627 a prime number?
False
Is 308274123 composite?
True
Is 270942199 a composite number?
True
Is 3965441617 a prime number?
True
Is 555320021 prime?
False
Is 791370337 prime?
True
Is 96279105385 composite?
True
Is 49330403345 a prime number?
False
Is 659190209 composite?
False
Is 2266267417 composite?
True
Is 2682682549 prime?
True
Is 13290553591 a composite number?
True
Is 1519193927 prime?
True
Is 126665239 prime?
True
Is 349273339397 prime?
True
Is 732138861 composite?
True
Is 12011687 prime?
False
Is 4464837469 a composite number?
False
Is 536794253 composite?
False
Is 8418952639 a composite number?
True
Is 307425683 prime?
True
Is 12622810631 prime?
True
Is 3567198449 a composite number?
False
Is 3673899361 composite?
True
Is 31297639 a composite number?
False
Is 237394273 prime?
False
Is 12689901169 prime?
False
Is 3736441 composite?
True
Is 1182542477 a prime number?
True
Is 5605361651 composite?
False
Is 65895773 a composite number?
True
Is 1484252603 composite?
True
Is 46425292213 composite?
False
Is 58116959773 a composite number?
True
Is 6389677399 a composite number?
True
Is 3547299209 composite?
True
Is 60796001551 a composite number?
True
Is 10582255601 prime?
False
Is 445906673 a prime number?
False
Is 2675771753 a composite number?
True
Is 407871619 composite?
True
Is 